ivided by 16?
13
Suppose -868*m - 150 = -878*m. Calculate the remainder when 64 is divided by m.
4
Let y be 8/4*(-6)/(-4). Let p(b) = 5*b. What is the remainder when 15/5 - 1*-39 is divided by p(y)?
12
Let g(s) = s**3 - s**2 + 4*s - 1. What is the remainder when g(4) is divided by ((-423)/(-282))/((-3)/(-32))?
15
Let q(g) be the second derivative of -g**3/6 - 4*g**2 + 2*g. Let s = -8 - -12. What is the remainder when s is divided by q(-11)?
1
Let v(t) = 37*t**2 + 7*t + 4. Let d = 28 + -8. Calculate the remainder when v(-2) is divided by d.
18
Suppose 7*w = 2*w + 20. Suppose w*q + 22960 = -0*q. What is the remainder when ((-4)/(-5))/((-56)/q) is divided by 28?
26
Let c(n) = -n**3 + 11*n**2 - 20*n + 1. Calculate the remainder when 111 is divided by c(8).
12
Suppose 0*y + 12*y - 432 = 0. Suppose 5*s - y = 204. What is the remainder when s is divided by 13?
9
Suppose -51*w + 23*w + 3276 = 0. Calculate the remainder when w is divided by (2*-1)/(3/(-36)).
21
Suppose -5*x = -2*a - 85, -x + 17 = 5*a - 0. Suppose 7*u - 3*u - 48 = 0. Let l = u + -2. What is the remainder when x is divided by l?
7
Let d = -54 - -37. Let q = 51 + d. Calculate the remainder when q is divided by 7.
6
Let d(t) = 19*t + 178. Calculate the remainder when 90 is divided by d(-7).
0
Let v(p) be the third derivative of -p**6/120 - p**5/6 - 11*p**4/24 - 2*p**3 - 4*p**2. What is the remainder when 23 is divided by v(-9)?
5
Let w be 2168/3 + (-50)/75. Suppose 0 = 4*s + 194 - w. What is the remainder when s is divided by 27?
24
Let q = 66 - 63. Suppose q*h - 99 = 3*f, -2 = -4*f + 6. Suppose 3*i - 6*i = -30. Calculate the remainder when h is divided by i.
5
Let l = -53 - -58. Let d(w) = w**3 - 3*w**2 - 10*w + 4. What is the remainder when 37 is divided by d(l)?
1
Suppose 10*x - 89 = 2011. What is the remainder when x is divided by 57?
39
Suppose 17*s - 21*s + 12 = 0. Let n(u) = u**3 - 4*u**2 + 3*u + 2. Calculate the remainder when 7 is divided by n(s).
1
Let k = -88 + 148. Suppose -4*j - 2*j = -k. Calculate the remainder when 56 is divided by j.
6
Let a be (6/(-6))/((-1)/(-159)). Let l = -109 - a. Calculate the remainder when l is divided by 17.
16
Suppose 19*q - 18*q = j + 538, 0 = -5*q + 3*j + 2684. What is the remainder when q is divided by 60?
55
Let d(s) = 2*s**2 + 2. Suppose 134*m - 130*m - 20 = 0. Suppose 2*v - 16 = -0*u - 2*u, m*u = v - 32. What is the remainder when d(-4) is divided by v?
10
Suppose -4*t + 3*t = -26. Suppose s - 22 = -5*a + 5*s, 5*a - t = 2*s. Suppose a = g + 4*l - 8, 4*g - 4*l = -4. Calculate the remainder when g is divided by 2.
0
Let l be (2/6)/(2/474). Let s = l - 23. Let p(r) = -r**3 - 33*r**2 - 34*r - 44. What is the remainder when s is divided by p(-32)?
16
Let b be 229/(-11) + 10/165*-3. Let s(y) be the first derivative of -3*y**2 + 19*y - 2. Calculate the remainder when s(b) is divided by 37.
34
Let z = -23 + 36. Let m(l) = l**2 - 20*l + 63. Calculate the remainder when m(19) is divided by z.
5
Let m = -14 - -26. Let l = 26 + m. What is the remainder when l is divided by 22?
16
Suppose -7*q - 4*s = -2*q - 99, 0 = -2*q + 2*s + 36. Let v(i) = -9*i - 1. What is the remainder when q is divided by v(-1)?
3
Calculate the remainder when 122 is divided by (-11)/(22/(-76))*(1 + 0).
8
Suppose -4*f = 2*m + 2 - 32, 4*m - 30 = -2*f. Suppose m*t = 118 + 87. What is the remainder when t is divided by 11?
8
Suppose 3*d = -5*y - 8 - 15, -3*y = 2*d + 14. Let w = y - -23. Let a = 2238 + -2203. What is the remainder when a is divided by w?
16
Suppose 4*b + 176 = -5*o + 539, 3*o = -2*b + 217. Suppose 0*p - 5*p + 150 = 0. Let l = p - 6. Calculate the remainder when o is divided by l.
23
Let k(s) = -s**3 - s + 429. What is the remainder when k(0) is divided by 12?
9
Let p = -151 - -243. What is the remainder when 133 is divided by p?
41
Calculate the remainder when 114 is divided by ((-3232)/(-40) - -9) + 1/5.
24
Suppose -6 = c - 4*c. Suppose 0 = -c*a + 4*v + 66, 2*a = 3*a + 4*v - 51. Suppose -a = -3*s - 0. Calculate the remainder when 25 is divided by s.
12
Let l = 49 - 23. Suppose -2*w + 18 = -0*w. Calculate the remainder when l is divided by w.
8
Let u(p) = -2*p**2 + 21*p + 42. What is the remainder when (-1)/(2*(-1)/122) is divided by u(11)?
30
Suppose 2*m - 2*n + 5*n = 49, -3*m + 78 = 3*n. Calculate the remainder when 113 is divided by m.
26
Let o(g) = g**2 + 11*g + 80. What is the remainder when o(-13) is divided by 93?
13
Suppose 5*i + 0*i = 3*u + 10, 3*u - 6 = -3*i. Suppose d - 5 = -3*x + 13, u = x + 5*d - 6. What is the remainder when 101 is divided by 144/x + (4 - 2)?
23
Suppose 0*n + 2*n = 5*k - 22, -4*n - 68 = 2*k. Let z = n + -5. Let a = z - -46. Calculate the remainder when 46 is divided by a.
21
Let m(o) be the first derivative of o**3/3 - o**2/2 - 2*o + 3. What is the remainder when m(10) is divided by 23?
19
Let v(h) = -5*h + 251. What is the remainder when (-4)/1 + (3 - -43) is divided by v(48)?
9
What is the remainder when (-9506)/(-21) + 4/(-6) is divided by 91?
88
Let n(a) = -97*a + 121. What is the remainder when n(-2) is divided by 19?
11
Suppose 0 = 2*t + 29 - 133. Calculate the remainder when t is divided by 19.
14
Let s be -4 - 14/(-2) - 2. What is the remainder when 59 is divided by (-3 - 2)*(-3)/s?
14
Suppose 26*r - 31*r = -30. Suppose -2*j = i - 28, r*i + 4*j - 146 = i. What is the remainder when i is divided by 8?
6
Suppose 3*c = -4*w + 66, -3*c + 6*c - 2*w = 66. Suppose -c = -2*g - 28. Calculate the remainder when 17 is divided by (30/(-12))/(g/6).
2
Suppose -10*g - 1260 = -24*g. What is the remainder when 271 is divided by g?
1
Let i(z) = -3*z - 1. Let f(t) = -t**3 + 5*t**2 - 1. Let v be f(5). Let w(c) = -c**2 + 2*c + 2. What is the remainder when w(2) is divided by i(v)?
0
Suppose o + 2 - 114 = 0. Let d = 141 - o. What is the remainder when d is divided by 140/18 + 4/18?
5
Suppose -9*q = 5*q - 3878. What is the remainder when q is divided by 35?
32
Let f(l) = -l**3 - 5*l**2 + 1. Let y be f(-3). Let b = y - -32. Let a = 82 + -41. Calculate the remainder when a is divided by b.
11
Let s(z) = -6*z + 1. Let f = -41 + 45. Suppose -2*a - f*a + 54 = 0. Calculate the remainder when s(-4) is divided by a.
7
Let r(f) = 3 + f**2 - 7*f + 16*f - 9. Let g be r(-10). Suppose 4*k + 60 - 24 = 4*m, g*m = -2*k + 36. Calculate the remainder when 25 is divided by m.
7
Let x(d) = -2*d. Let f be x(2). Let o be -3 - (4 + -1 + f). Let g = 5 - o. What is the remainder when 11 is divided by g?
4
Let q be 1/3 + 156/(-9). Let v = 90 + q. What is the remainder when v is divided by 37?
36
Suppose 3*i - 34 + 7 = 0. Calculate the remainder when 24 is divided by (-4)/(-12)*3*i.
6
Let p = 1 + 9. Let v = 17 + 77. Suppose -76 = 3*t - v. What is the remainder when p is divided by t?
4
Let k = 224 + -217. Let n(f) be the second derivative of f**5/20 - 3*f**4/4 + 2*f**3/3 - 11*f**2/2 + f. Calculate the remainder when n(9) is divided by k.
4
Let o be (2/7)/(3/21). Suppose 20 = o*l - 2. What is the remainder when 21 is divided by l?
10
Suppose 3*g + 2*g = 3*y + 379, -3 = y. Calculate the remainder when g is divided by 17.
6
Let t(z) = -3*z + 74. What is the remainder when t(-40) is divided by (-298)/(-6) - (-4)/(-6)?
47
Suppose 10 = 4*t - 2*f, f + 0 + 1 = t. What is the remainder when 25 is divided by t?
1
Suppose 0 = 2*v - 5*k + 5, -v + 21 - 7 = 3*k. Let d(y) = y - 4. What is the remainder when v is divided by d(7)?
2
Suppose 6 = -2*g + g. Let p = 17 + g. Let v(j) = j**3 + 5*j**2 - 3*j + 6. Calculate the remainder when v(-5) is divided by p.
10
Let o be -65*(2 + 39/(-15)). Suppose m = 2*m - o. Let n(r) = -r**3 - 6*r**2 + 14. Calculate the remainder when m is divided by n(-6).
11
Let b be 9*(-6)/(0 - 18) + 4. Let z(c) = 4*c + c + 2 - 4*c. What is the remainder when 24 is divided by z(b)?
6
Calculate the remainder when 418 is divided by (-14)/7 - (-14 + -2).
12
Suppose 7*s - 316 = -127. Let a(b) = 214*b**2 + b + 1. Calculate the remainder when a(-1) is divided by s.
25
Let m(z) = z**2 - 5*z + 8. Suppose 3*b - 7 = -13. Calculate the remainder when (0 + 1)/((-327)/165 - b) is divided by m(6).
13
Suppose -5*x - 10 = 8*t - 3*t, 3*t = -6. Suppose -4*k - 42 - 34 = x. Let y = k + 28. Calculate the remainder when 15 is divided by y.
6
Suppose -11*x + 19*x - 400 = 0. Suppose a + 4*a - x 